
Let w be 5 - 1/(-1)*-1. Suppose 0 = -3*t + 5 + w. Suppose -5*l + 19*l = 42. What is the greatest common factor of l and t?
3
Let v be 5 + 6*(-5)/10. Suppose 85 = 4*o - 4*y - 11, 108 = 5*o - v*y. Calculate the highest common divisor of 10 and o.
10
Suppose 2*l - 4*a - 18 = 0, a - 6*a = l - 23. Calculate the greatest common divisor of l and 3.
1
Let g(j) = -j**3 - 14*j**2 + 66*j - 20. Let q be g(-18). Calculate the greatest common divisor of q and 8.
8
Let k be 2/3 - 140/(-15). Suppose -t - 80 = 5*m, -m + 2*t = k + 6. Let z = 17 + m. What is the greatest common factor of z and 5?
1
Let m = -10 - -33. Let s = m - 2. What is the highest common divisor of s and 21?
21
Suppose -3*z + 3 = r, 3*z = 7*r - 4*r - 45. Calculate the highest common divisor of r and 132.
12
Let n = 11 - -23. Suppose -5*s + 3*y = -123, -n = -s - y - 11. Calculate the greatest common factor of s and 12.
12
Let x = 717 + -429. Let t = 4285 + -4249. Calculate the highest common divisor of t and x.
36
Suppose 0 = -v + 5*x - 13, 0 = 5*v - v + 3*x + 6. Let l be ((-63)/28 - v/12) + 16. Calculate the greatest common factor of 154 and l.
14
Suppose 0 = -38*y - 18*y + 12376. What is the highest common divisor of y and 68?
17
Let k(w) = 3*w**2 - 8*w - 7. Let f be k(4). Let r be ((-54)/(-24))/((-1)/(-16)). Calculate the greatest common factor of f and r.
9
Let i = -56 + 63. Suppose 0 = -4*t - g - 2*g + 218, t - 52 = -2*g. Let x be t/2 - (1 + -1). Calculate the highest common divisor of i and x.
7
Suppose 68*s = 65*s + 24. Calculate the highest common divisor of 136 and s.
8
Suppose -z + 6*z - 25 = 0. Suppose -r + 5 = -x, -z*r + 25 = -4*x + 2*x. Let l be 0 + (2 - -2) + r. Calculate the greatest common divisor of 9 and l.
9
Let m(r) = r - 6. Let h be m(0). Let b be (-26)/h + 2/3. Let k be (-83)/332 + ((-27)/4)/(-3). Calculate the highest common divisor of k and b.
1
Let u = 478 - 286. Calculate the greatest common divisor of u and 16.
16
Let t be ((-2)/(-4))/((-3)/(-36)*-3). Let f(b) = -4*b**3 - b**2 + 6*b + 5. Let a be f(t). What is the highest common factor of 3 and a?
3
Suppose 4*a = -n - 6 + 11, 2*a = 2*n - 20. Calculate the highest common factor of n and 48.
3
Let t(k) = 13*k**2 + 120*k - 22. Let x be t(-10). What is the highest common divisor of 1430 and x?
26
Let m(s) = s**2 + 7*s - 2. Let f be m(-8). Let q = f + 12. Let h = -655 - -661. What is the greatest common factor of q and h?
6
Suppose 0 = -20*b + 22*b + 6. Let t be 12/b*-1*55. Calculate the greatest common factor of 20 and t.
20
Let v = -101 + 131. Suppose -z - 2 = 3*y, -3*z = -y - 2*y - 42. Calculate the greatest common factor of z and v.
10
Let q(f) = -66*f + 9. Let w be q(3). Let t = w - -315. What is the greatest common factor of 14 and t?
14
Let x = 5 - 9. Let v be (22/x)/(2/(-76)). Calculate the greatest common factor of 19 and v.
19
Let t = 17 + -22. Let u be (-1 - (-12)/10) + (-1214)/t. Calculate the greatest common factor of u and 27.
27
Let i(z) = z**2 + 2*z - 1. Let o be i(-3). Suppose 0 = -5*s + o*w + w + 288, 5*s - 280 = 5*w. Calculate the greatest common factor of 12 and s.
12
Let y(r) = -4*r + 1. Suppose m - 3 = 1. Suppose -m*i + 0*i - 20 = 0. Let f be y(i). What is the greatest common divisor of f and 7?
7
Let o(t) = -13*t + 22. Suppose 0 = -s + 1, -4*s = -q - 6*s - 4. Let g be o(q). What is the greatest common factor of g and 50?
50
Suppose -16*v = -5*m - 18*v + 500, -m = 5*v - 123. Suppose -4*n = -32 + 4. Calculate the highest common divisor of m and n.
7
Suppose -5*l = -5 - 10. Suppose -20 = -l*q + 2*q. What is the greatest common divisor of 50 and q?
10
Suppose 76*b = 43*b + 858. What is the highest common divisor of 78 and b?
26
Let p(m) = -m + 8. Let d be p(5). Suppose 87 = -d*f - 0. Let c = f + 44. Calculate the greatest common divisor of 10 and c.
5
Let r = -77 - -93. Let x(z) = z**3 - 5*z**2 + z - 1. Let s be (-3 + 2)/(1/(-5)). Let v be x(s). What is the highest common divisor of r and v?
4
Let p(h) = h**2 - 8*h + 22. Let d be p(7). What is the highest common divisor of d and 435?
15
Suppose 3*a = a + 8. Suppose -161 = 9*k - 1466. Suppose 7*h = k + 79. Calculate the highest common divisor of h and a.
4
Suppose -4889 = -6*k + 259. What is the greatest common divisor of k and 78?
78
Suppose 0 = -12*a - 174 + 3738. Calculate the greatest common divisor of 11 and a.
11
Suppose 2*y - 82 = 2*q, -3*y - 2*y + 4*q + 202 = 0. What is the greatest common factor of 38 and y?
38
Let t = -68 + 180. Calculate the greatest common divisor of 7 and t.
7
Let j(m) = -25*m + 2. Let y be j(3). Let l = -47 - y. Suppose k - 4*d = 2, l = -5*k + 2*d + 72. Calculate the highest common factor of k and 70.
10
Let k(w) = w**2 - 9*w. Let d be k(9). Suppose d*l + 132 = 4*l. Calculate the greatest common divisor of l and 11.
11
Suppose 3*y - 6 - 27 = -3*m, 12 = 3*m. Calculate the highest common factor of y and 602.
7
Let q(n) = -33*n - 216. Let l be q(-8). What is the greatest common divisor of 2064 and l?
48
Let t = 251 - 211. Calculate the greatest common divisor of t and 30.
10
Let t(m) = m**2 + 2*m - 12. Let w be t(7). Suppose -7*i = -8*i + 34. Calculate the greatest common divisor of i and w.
17
Suppose 29*v + 2*z - 292 = 26*v, 0 = 5*v + 4*z - 490. Calculate the highest common factor of v and 658.
94
Let p = -138 + 140. Let i(m) = -m**3 - 4*m**2 - 3*m + 4. Let t be i(-3). Suppose t = o - 6. Calculate the highest common factor of p and o.
2
Suppose -2*j = 2*i - 480, 41*i - 46*i = 0. What is the highest common factor of 660 and j?
60
Let p(m) = -3*m**2 - 4*m - 15. Let g be p(-5). Let j = -56 - g. Calculate the highest common factor of j and 42.
14
Suppose -b + 28 = 2*c, -4*c - 4 = -12. What is the greatest common divisor of b and 3?
3
Let t(g) = -4*g - 5. Let l be (-8)/6*(-21)/(-14). Let a be t(l). Let r be 0 + (a - -93) - -3. Calculate the greatest common divisor of 9 and r.
9
Suppose -2*t + 4 + 2 = 0. Suppose 3*s = t*w - 60, 0*w + 4*w + 5*s = 98. What is the greatest common factor of 198 and w?
22
Let r = 60 - 63. Let v(n) = 2*n**2 + 7*n + 11. Let k be v(r). Calculate the highest common divisor of 4 and k.
4
Suppose 0 = 2*u + 2*a + 4, 6*u + 26 = 8*u - 4*a. Suppose 6*r - 3*r = -12. Let j = 5 + r. Calculate the highest common divisor of u and j.
1
Let f(q) = q**3 - 37*q**2 - 67*q - 410. Let v be f(39). Suppose 15 = i + 4*b - 84, -5*b = -i + 90. Calculate the greatest common divisor of v and i.
19
Suppose 584 = 10*n + 104. Let g = n + 29. What is the highest common divisor of g and 33?
11
Let o = 478 + -424. What is the highest common factor of o and 162?
54
Suppose -5*v = -18*v + 143. Calculate the greatest common factor of v and 187.
11
Let r(i) = i**2 + 14*i + 81. Let a be r(21). Calculate the greatest common divisor of 51 and a.
51
Let n be 237/33 + 2 - (-16)/(-88). What is the highest common divisor of n and 144?
9
Let f(g) = 225*g**2 - 24*g - 25. Let y be f(-1). What is the greatest common factor of y and 98?
14
Suppose 3*y + a = 126, 23*y - 210 = 18*y - 5*a. Calculate the greatest common factor of y and 266.
14
Suppose -23*z + 30*z - 175 = 0. Suppose -4*u + 29 = -11. Let o be (u/(-3))/((-4)/60). What is the greatest common factor of z and o?
25
Let v(l) = -l**2 + 12*l - 12. Let k be v(9). Suppose 2*b - 679 = -5*d, -31*d + 2*b + 536 = -27*d. What is the highest common divisor of d and k?
15
Suppose p = -9 + 1. Let t be ((-42)/p)/((-12)/(-352)). Calculate the greatest common factor of 22 and t.
22
Let h(d) = 3*d - 6. Let o be h(4). Suppose -12 = 189*y - 191*y. What is the highest common divisor of y and o?
6
Let n(h) = 36*h + 300. Let y be n(13). What is the highest common divisor of 96 and y?
96
Let z(m) = 2*m**2 - 16*m - 23. Let f be z(-11). Let d = f - 35. What is the highest common factor of 45 and d?
45
Let a be (36/16)/((-6)/80). Let o be 6*(-4 - -3)*a. Calculate the greatest common factor of o and 20.
20
Suppose -n + 4 = 0, -3*y - 6*n = -9*n - 4917. What is the greatest common factor of y and 31?
31
Let y(m) = -10*m - 7. Suppose 0 = -3*a - 9. Let v be y(a). Let u = 103 + -34. What is the highest common factor of v and u?
23
Let g = -79 + 130. Calculate the highest common factor of g and 204.
51
Let r = -1330 + 3534. What is the greatest common divisor of 116 and r?
116
Let q(u) = -13*u - 36. Suppose -22 = 2*r + 